





{"version":"1.0","provider_name":"Costa Brava Girona CB","provider_url":"https:\/\/www.costabravagironacb.com\/fr\/","author_name":"wp6tems","author_url":"https:\/\/www.costabravagironacb.com\/fr\/author\/wp6tems\/","title":"Jardins de Santa Clotilde | Costa Brava Girona CB","type":"rich","width":600,"height":338,"html":"<blockquote class=\"wp-embedded-content\" data-secret=\"10k7JjMyGb\"><a href=\"https:\/\/www.costabravagironacb.com\/fr\/membre\/jardins-de-santa-clotilde\/\">Jardins de Santa Clotilde<\/a><\/blockquote><iframe sandbox=\"allow-scripts\" security=\"restricted\" src=\"https:\/\/www.costabravagironacb.com\/fr\/membre\/jardins-de-santa-clotilde\/embed\/#?secret=10k7JjMyGb\" width=\"600\" height=\"338\" title=\"\u00ab\u00a0Jardins de Santa Clotilde\u00a0\u00bb &#8212; Costa Brava Girona CB\" data-secret=\"10k7JjMyGb\" frameborder=\"0\" marginwidth=\"0\" marginheight=\"0\" scrolling=\"no\" class=\"wp-embedded-content\"><\/iframe><script type=\"text\/javascript\">\n\/* <![CDATA[ *\/\n\/*! This file is auto-generated *\/\n!function(d,l){\"use strict\";l.querySelector&&d.addEventListener&&\"undefined\"!=typeof URL&&(d.wp=d.wp||{},d.wp.receiveEmbedMessage||(d.wp.receiveEmbedMessage=function(e){var t=e.data;if((t||t.secret||t.message||t.value)&&!\/[^a-zA-Z0-9]\/.test(t.secret)){for(var s,r,n,a=l.querySelectorAll('iframe[data-secret=\"'+t.secret+'\"]'),o=l.querySelectorAll('blockquote[data-secret=\"'+t.secret+'\"]'),c=new RegExp(\"^https?:$\",\"i\"),i=0;i<o.length;i++)o[i].style.display=\"none\";for(i=0;i<a.length;i++)s=a[i],e.source===s.contentWindow&&(s.removeAttribute(\"style\"),\"height\"===t.message?(1e3<(r=parseInt(t.value,10))?r=1e3:~~r<200&&(r=200),s.height=r):\"link\"===t.message&&(r=new URL(s.getAttribute(\"src\")),n=new URL(t.value),c.test(n.protocol))&&n.host===r.host&&l.activeElement===s&&(d.top.location.href=t.value))}},d.addEventListener(\"message\",d.wp.receiveEmbedMessage,!1),l.addEventListener(\"DOMContentLoaded\",function(){for(var e,t,s=l.querySelectorAll(\"iframe.wp-embedded-content\"),r=0;r<s.length;r++)(t=(e=s[r]).getAttribute(\"data-secret\"))||(t=Math.random().toString(36).substring(2,12),e.src+=\"#?secret=\"+t,e.setAttribute(\"data-secret\",t)),e.contentWindow.postMessage({message:\"ready\",secret:t},\"*\")},!1)))}(window,document);\n\/\/# sourceURL=https:\/\/www.costabravagironacb.com\/wp-includes\/js\/wp-embed.min.js\n\/* ]]> *\/\n<\/script>\n","thumbnail_url":"https:\/\/www.costabravagironacb.com\/wp-content\/uploads\/2015\/12\/Jardins-de-Santa-Clotilde-destacada-Maria-Geli-Pilar-1-768x547.webp","thumbnail_width":600,"thumbnail_height":427,"description":"Ces jardins noucentistes disposent d\u2019un amphith\u00e9\u00e2tre id\u00e9al pour les pr\u00e9sentations de produits, conf\u00e9rences de presse, cocktails, ournages, spots publicitaires, petits concerts, \u2026 Leur construction en terrasses et leur localisation, perch\u00e9s en haut d\u2019une falaise, en font en excellent mirador de la Costa Brava et des plages de Lloret de Mar. S\u2019\u00e9tendant sur 26 830 m2, [&hellip;]"}

Ces jardins noucentistes disposent d’un amphithéâtre idéal pour les présentations de produits, conférences de presse, cocktails, ournages, spots publicitaires, petits concerts, … Leur construction en terrasses et leur localisation, perchés en haut d’une falaise, en font en excellent mirador de la Costa Brava et des plages de Lloret de Mar. S’étendant sur 26 830 m2, [&hellip;]
